?
9
Let f(z) = -6*z - 1. Let j be f(-1). Suppose 5*y - 165 = j*i, -5*y - 16 = i - 175. What is the units digit of y?
2
Let q be 40/25 + 6/15. Suppose -k + 73 + 74 = 3*l, -q*l = -5*k + 769. What is the hundreds digit of k?
1
Let d = -320 + 403. What is the tens digit of d?
8
Let m(k) = 25*k**2 - 25*k - 7. What is the hundreds digit of m(11)?
7
Suppose 629 = 2*h + h - 2*n, -834 = -4*h + 5*n. What is the tens digit of h?
1
Suppose -13*p = -p - 4116. What is the hundreds digit of p?
3
Suppose z - 251 = -3*i, 6*z - 5*z - 415 = -5*i. What is the tens digit of i?
8
Let p = -20 - -24. Suppose 867 = p*v + 207. Suppose -47 + v = 2*c. What is the tens digit of c?
5
Let h be 3*5/(-30)*14. Let j(n) = n**2 + 5*n + 9. What is the tens digit of j(h)?
2
Suppose -3*r + 4*r - 1 = 0. Let t = -2 + r. What is the units digit of (-55)/(-15) + t/(-3)?
4
Suppose 2992 + 139136 = 56*z. What is the hundreds digit of z?
5
Let l be 33/7 + 24/84. Suppose l*k - 13 = 7, -5*k = -5*n + 380. What is the units digit of n?
0
Let n be 7/((2/(-4) - 0)/(-73)). Suppose -5*i + n = -198. What is the tens digit of i?
4
Suppose -7 = u - 2, -6435 = -4*z - 5*u. What is the thousands digit of z?
1
Let h(q) = 44*q**2 + 9. What is the hundreds digit of h(-3)?
4
Let w(c) = -15*c**3 + 33*c**2 - 8*c - 11. Let k(r) = 16*r + 13*r - 33*r - 6 - 7*r**3 + 16*r**2. Let p(q) = -13*k(q) + 6*w(q). What is the tens digit of p(10)?
5
Let i be 2/(-3) - 100/(-15). Suppose i*j - 259 - 491 = 0. What is the units digit of j?
5
Let j be 0*(-3)/(-4 + 7). Suppose j = -a - 5*a + 372. What is the tens digit of a?
6
Let g(c) = 42*c**2 + 6*c - 6. Let q be g(3). Suppose 2*l + 4*l - q = 0. What is the units digit of l?
5
Let f(m) = -m**3 - m**2 - 2*m + 64. Let y be 7 + -1 + 4/1. Let r = y + -10. What is the tens digit of f(r)?
6
Let v(j) = j**3 - 6*j**2 - 13*j + 13. Let x = 36 + -27. What is the tens digit of v(x)?
3
Suppose -56*v + 59*v = -357. Let p = 18 - v. What is the units digit of p?
7
Let z(y) = y**3 - 12*y**2 + 22*y - 8. Let d be z(11). Suppose -5*g = 2*f - 162 - 4, -4*g + d = -5*f. What is the units digit of g?
2
Let d be (4/12 + 2)/(2/(-186)). Let g = d + 381. What is the tens digit of g?
6
Suppose 4 = -9*j + 5*j. Let h(m) be the second derivative of 5*m**4/6 - m**3/6 - m. What is the units digit of h(j)?
1
Suppose -4*o = o - 10. Let a be 2 - (19 + -8 + 2). What is the tens digit of o*-8*a/11?
1
Let n(w) = 31*w + 18. Let r = -84 + 88. What is the units digit of n(r)?
2
Suppose 26*b - 8*b = 15678. What is the units digit of b?
1
Suppose -2*a + 30 = -7*a. Let y = a + -6. What is the units digit of y*(35/3)/(-5)?
8
Let t(p) = p**3 + 6*p**2 - 6*p + 7. Let x be t(-7). Suppose 4*w - 567 - 569 = x. Suppose 4*v = 5*h - w, -h - 2*v + 59 = -5*v. What is the tens digit of h?
5
What is the tens digit of 64 - 69 - -471*3?
0
Let d = 210 - 106. Let q = d + 5. What is the tens digit of q?
0
Suppose -7614 - 3186 = -20*n. What is the units digit of n?
0
Let k = 2020 - 377. What is the hundreds digit of k?
6
Let b(k) = -k**3 - 2*k**2 + 1. Let u be b(-1). Suppose -l = l + 5*f - 14, 3*l + 5*f - 26 = u. What is the units digit of l?
2
Suppose 85 = 4*g - 5*z, -9*g - z = -7*g - 53. Let w be -4*(2 + (-6)/8). What is the units digit of w/(g/(-70)) - 2?
2
Suppose -a + 5*v - v - 6 = 0, 3*a + 5*v = 16. Suppose -5*h = -a*h - 30. What is the tens digit of 91/2 + 5/h?
4
Suppose 5*c + 0*c - 1430 = -5*s, -s = -3*c - 278. Suppose s = -2*t + 6*t. What is the units digit of t?
1
Suppose 2100 = 4*o + 3*y - y, 8 = 2*y. What is the units digit of o?
3
Let n be (-3)/(-5) - (-34)/10. Suppose -2*g + 12 = n*u, -3*g - 3*u + 24 = u. What is the tens digit of (129/(-6))/((-6)/g)?
4
Suppose 3*y - 9 = 4*y. Suppose -2*b - 3 = -5*b, -2*b = -q + 15. Let m = q + y. What is the units digit of m?
8
What is the tens digit of (-260184)/(-136) - (-8)/(-68)?
1
Let o be 2/(-3)*-33*9. Let p be (-1 - 3) + 6 + 2. Suppose p*n - o = -3*a, -2*a = n - 2*n + 44. What is the tens digit of n?
4
Suppose 3*d - 4*d - w = -560, -3*w - 1140 = -2*d. What is the hundreds digit of d?
5
Suppose -q + 9 = -25. Suppose -2*y = -f + q, 8*f - 120 = 4*f + 4*y. Suppose v = 2*a + 6*v - 21, -2*a - 4*v = -f. What is the tens digit of a?
2
Suppose -11*k + 1576 = 586. What is the units digit of k?
0
Let z(y) = 113*y - 91. What is the tens digit of z(5)?
7
Let j = 646 + -357. What is the tens digit of j?
8
Suppose 3*c + 2 = 14. Suppose 2*x = -x, -c*m = -x + 20. Let s = m - -28. What is the units digit of s?
3
Let a = -46 - -24. Let s = a - -89. What is the units digit of s?
7
Suppose -3*g + 5*y = -0*g + 10, 3*y = -12. Let s = g + 15. Suppose 5*j = t - 53, -s*j = -5*t - 0*j + 185. What is the units digit of t?
3
Let q = -82 + 167. Suppose 4*j + q + 47 = 0. Let w = 46 + j. What is the tens digit of w?
1
Suppose -9 = -2*o - 1. Suppose 235 - 67 = o*l. What is the tens digit of l?
4
Suppose u - 15 = 5. Suppose j - 188 = -2*a - 3*j, -5*j - u = 0. What is the hundreds digit of a?
1
Let a(l) = l**3 - 6*l**2 + 10*l - 2. Let t be a(3). Suppose 0 = -4*p + t + 11, p = o - 25. Suppose 57 = 5*x - o. What is the tens digit of x?
1
What is the hundreds digit of (26/3)/(-2 - (-1060)/528)?
1
Let x = 1364 - -206. Suppose 0 = 3*v + 15, -x = 4*d - 8*d + 2*v. What is the tens digit of (d/(-91))/(1/(-7))?
3
What is the tens digit of 4*(1 - (-33690)/24)?
1
Let x = 2006 - 1395. What is the tens digit of x?
1
Suppose 0 = 5*z + 4*n - 85, 2*z - 5*n + n - 62 = 0. Let u = 45 - z. What is the units digit of u?
4
Let q be (-1536)/(-20) + (-3)/(-15). What is the hundreds digit of (-11)/q + (-2004)/(-14)?
1
Suppose 3*v - 764 = -5*z + 1177, 8 = 4*v. What is the units digit of z?
7
Suppose -640 = -r + 9*r. Let u = r - -126. What is the tens digit of u?
4
Suppose 0 = 6*g - 3913 - 1241. What is the tens digit of g?
5
Let j = 3 - -10. Suppose 0 = 2*w + j - 49. What is the tens digit of w?
1
Let g(n) = n**2 + 5*n + 2. Let x be g(-5). Let f be (1/3)/(2/24). Suppose o = 3*j - 36, -x*o - o = -f*j + 43. What is the units digit of j?
3
Let p be (-1368)/(-120) - ((-3)/5)/1. Suppose 10*r = p + 208. What is the tens digit of r?
2
Let q = -1664 - -2382. What is the hundreds digit of q?
7
Suppose p = c + 3, p - 2*p = 5*c + 15. Suppose 10 = -p*h + 2*h, 3*h - 99 = 3*w. Let a = 42 + w. What is the tens digit of a?
1
Let n be ((-2)/6)/((-3)/36). Suppose 0 = 2*z + g - n*g + 107, 3*z - 2*g = -173. Let s = 86 + z. What is the tens digit of s?
2
Suppose 5*o - 41 = 4*y, -2*y - 4 - 3 = -o. Let f(m) = -m**3 + 10*m**2 - 9*m - 10. Let a be f(o). Let c = a + 21. What is the units digit of c?
1
What is the hundreds digit of ((-2069)/(-2))/((-1)/(-8)*4)?
0
Let x = 6050 + -3295. What is the tens digit of x?
5
What is the tens digit of 22/55 - 7/(140/(-41592))?
8
Let y = 23 - 23. Suppose 4*s - 11 + 3 = y. Suppose 0 = s*c - 13 - 21. What is the tens digit of c?
1
Let i(o) = -3*o**3 + 5*o**2 + 18*o + 8. What is the units digit of i(-5)?
8
Let r = 4 - -11. Suppose -2*h - 3*h - 5*f = r, 0 = 2*h + f + 1. Suppose -2*x = h*x - 12, 138 = 3*v + 5*x. What is the tens digit of v?
4
Let n = 100 + -1. Suppose 3*l - 64 = 2*i + n, 5*l + 4*i - 279 = 0. What is the units digit of l?
5
Let u = -32 - -34. Suppose 2*t + 2*t + 120 = -u*b, -b - 64 = t. Let c = -43 - b. What is the tens digit of c?
2
Let v = 710 - -128. What is the tens digit of v?
3
Suppose -11*n = -4*n. Suppose n = -5*y - 23 + 153. What is the units digit of y?
6
Let d = -1313 + 2207. What is the tens digit of d?
9
Let p = -2282 + 3299. What is the hundreds digit of p?
0
Let u be 30/5*(-3)/(-9). Suppose u*t - 40 = -3*t. What is the units digit of t?
8
Suppose -913 + 15217 = 4*f. What is the hundreds digit of f?
5
Suppose -2421 + 837 = -8*f. Suppose 11*u = 9*u + f. What is the tens digit of u?
9
Let p(z) = z**3 + 9*z**2 - 10*z - 4. Let m be p(-8). Suppose 31*o - m = 29*o. What is the tens digit of o?
7
Let w = -67 + 73. Suppose -w*y + k + 574 = -2*y, y = 5*k + 153. What is the units digit of y?
3
Let q = -1977 - -4556. What is the thousands digit of q?
2
Let x be 2/3 + 291/9. Suppose -32*f = -x*f + 306. What is the units digit of f?
6
Suppose 5670 = -4606*y + 4608*y. What is the thousands digit of y?
2
Suppose 3*z - 4*z + 1 = 0. Let u be (-38)/((-2)/2 - z). Suppose -5*f + u = -1. What is the units digit of f?
4
Let b(p